ivided by 3.
2
Let s = -327 + 351. Let f be ((-2)/(-3))/((-7)/(-1281)). Let x = f - 77. Calculate the remainder when x is divided by s.
21
Let p = -236 + 237. Let n(f) = 22*f**3 - f**2 - 3*f + 3. Suppose k = 2*h + 18, 2*h = k - 2*h - 24. Calculate the remainder when n(p) is divided by k.
9
Suppose 35*g - 673 = 577 + 430. Calculate the remainder when 52 is divided by g.
4
Suppose -8 = -3*z - 2*l, 0 = 5*z + 4*l - 4 - 8. Suppose z*h = 2*m - 7*m + 144, 3*m = h + 83. Calculate the remainder when 48 is divided by m.
20
Let u be (9 - 7)/(1/2). Suppose 0 = 3*h + 2*h - 60. What is the remainder when h is divided by -2*27/(-6) - u?
2
Suppose -5*t = 20, -c = -3*t + 2*t - 6. Let k(a) = 10*a - 18 + c*a - 8*a. What is the remainder when 41 is divided by k(8)?
13
Let p(l) = -l**3 - l**2 + 3*l + 1. Let t = 136 - 141. Let v(u) = 8*u**2 + 37*u - 10. Calculate the remainder when p(-4) is divided by v(t).
2
Suppose 2*y = 4*y - 54. Let o(z) = 2*z**2 - 15*z + 42. Suppose 38 = 8*c + 6. Calculate the remainder when y is divided by o(c).
13
Let d be (0 - 4/(-6))/(102/2601). Suppose 11*r + d*r - 3024 = 0. What is the remainder when r is divided by 37?
34
Suppose 2*a + 2*a = -2*p + 270, 4*p + 20 = 0. Suppose 126 = -12*y + 15*y. What is the remainder when a is divided by y?
28
Suppose -12*d + 9*d + 118 = 5*g, g + 119 = 4*d. What is the remainder when 89 is divided by d?
27
Let r(y) = y**3 - 4*y**2 + 3*y - 5. Suppose -7*x + 1521 = 6*x. Suppose 0 = g + d - 43, 3*g - 2*d - x = -d. Calculate the remainder when g is divided by r(4).
5
Suppose -108 = -c + 7*i, -3*i - 22 - 176 = -3*c. Let p(q) = -6*q**3 - q**2 - 2*q - 1. What is the remainder when c is divided by p(-1)?
5
Calculate the remainder when 340 + 0 - -10*11/(-330)*9 is divided by 20.
17
Calculate the remainder when 92 is divided by (-9)/33 + ((-6664)/22)/(-7).
6
Calculate the remainder when (488 - -6) + 120/10 is divided by 232.
42
Let p = 34 - 13. Suppose 2*r - 1 - 19 = 0. What is the remainder when (r - 8) + 2*29 is divided by p?
18
Let n(m) = -m**3 - 3*m**2 - 3*m - 12. Suppose 4*l - 9 + 21 = 0. Let v be n(l). Calculate the remainder when 38 is divided by ((-9)/(-4) + v)/(3/(-84)).
17
Let w be -6*((-7)/(-21))/((-3)/(-6)). Let t(n) = n**3 + 7*n**2 + 8*n + 2. Calculate the remainder when 104 is divided by t(w).
14
Suppose j = 4*z + 2998, 0 = -5*z + 4*z - 3*j - 743. Let b = z + 770. What is the remainder when 607 is divided by b?
19
Let f = 35 + -13. Let m = 7721 + -7693. Calculate the remainder when m is divided by f.
6
Let l(t) = 34*t**2 + 40*t - 12. Let w be l(-5). Let f = 670 - w. Calculate the remainder when f is divided by 20.
12
What is the remainder when (-1 + 2)/((45/1737)/5) is divided by 43?
21
Suppose 7*v = 15 + 97. Suppose -468 = -3*x + 2*p, -4*x + 3*p - 183 = -806. What is the remainder when x is divided by v?
14
Let r(f) = f**3 + 32*f**2 - 14*f - 2. Let u be r(-32). Suppose 8*g - 734 = -u. Calculate the remainder when 64 is divided by g.
28
Let b(h) = -h**3 + 9*h**2 - 15*h + 251. What is the remainder when b(8) is divided by 194?
1
Let p = -766 + 1528. What is the remainder when 17 + -24 - (-2 - p) is divided by 11?
9
Suppose 0 = -4*c - q + 555, 2*q = 168*c - 166*c - 260. What is the remainder when 1912 is divided by c?
131
Suppose -15 = 4*z - y, 0*y + 8 = -z - 4*y. Suppose 25*p - 69 = 81. Calculate the remainder when 46 is divided by (30/(-18)*z)/(4/p).
6
Let t(w) = -13*w**2 + 161*w - 30. Let n be t(12). Suppose 4*p = -4*h - 92, -5*p - 10 = 3*h + 67. Let f = n + h. What is the remainder when 52 is divided by f?
8
Calculate the remainder when (14/(-8) - -2) + 45054/8 is divided by 115.
112
Let t(k) = k + 88. Let q be t(-12). Suppose q = -164*g + 168*g. What is the remainder when 52 is divided by g?
14
Suppose -c = 2*l - 69, 119*c = 5*l + 122*c - 174. Calculate the remainder when 69 is divided by l.
3
Suppose -16740 - 26360 = -32*v - 764. Calculate the remainder when v is divided by 34.
31
Suppose 3*m = -12, -s - 8 + 92 = -3*m. Calculate the remainder when 9935 is divided by s.
71
Suppose 4*d + j = 147, -3*d - 53*j = -48*j - 123. What is the remainder when 962 is divided by d?
26
Let w be ((-44)/(-6))/2 + 48/(-72). Suppose -67*y + 68*y = w. Calculate the remainder when 55 is divided by y - (68 - 3)/(-5).
7
Let x = 33 + -30. Calculate the remainder when 0 + 43 + x + 0 is divided by (-100)/(-6) + (-14)/21.
14
Let y(g) = g**3 + 5*g**2 - 2*g + 1. Let l be (1/1)/((-1)/5). Suppose -4*i = 5*k - 4, 5*k - 5 = 2*i + 23. Calculate the remainder when y(l) is divided by k.
3
Let q = -9 - -10. Let w(k) = -k**2 + 13*k - 7. Let o(f) = -2*f**2 + 25*f - 15. Let v(i) = 3*o(i) - 5*w(i). Calculate the remainder when v(8) is divided by q.
0
Suppose -5*q + 620 = -4*y, 0*y - 3*y + q = 454. What is the remainder when -4 + y/4*-2 + -1 is divided by 15?
10
Let m(c) = 179*c + 34413. Let r = 61 + -4. Let f = -40 + r. What is the remainder when m(-192) is divided by f?
11
Let f(a) = 5*a - 92. Let g be f(6). Let z = g + 73. Calculate the remainder when 28 is divided by z.
6
Let d(s) = 3*s**2 + 46*s + 31. Let t be d(-26). Suppose 13*y - 437 = t. What is the remainder when y is divided by 13?
9
Let r(j) = -j**3 + 10*j**2 + 3*j - 27. Let a = -198 - -208. What is the remainder when 124 is divided by r(a)?
1
What is the remainder when (-1757 - (-4 + 26))*11/(-3) is divided by 145?
143
Suppose u - 190 = -2*l + 387, -l = -3*u - 271. What is the remainder when l is divided by 98?
90
Suppose -b = -2*g + 1433 + 14706, 32242 = 4*g + 2*b. Calculate the remainder when g is divided by 13.
5
Let a(g) = 5*g**2 - 14*g - 45. Let w = -219 - -213. Calculate the remainder when a(w) is divided by 44.
43
Let n = -2 - -2. Suppose n = -3*b + 9, -21 = -z - b - b. Calculate the remainder when (448/152)/(14/399) is divided by z.
9
Let v(d) = -42*d + 578. What is the remainder when v(11) is divided by 4/(-18) + (-1412)/(-36)?
38
Let n = 3874 + -1954. What is the remainder when n is divided by 629?
33
Let w = 1383 + -1158. What is the remainder when w is divided by 45?
0
Suppose 2*j + 5*o = -368, 2*o = 5*o. Let r = 565 + j. Calculate the remainder when r is divided by 8.
5
Suppose 5*v + 108 = 11*v. Suppose -5*n - 14 = -y - 3*n, -2*y - n = -3. What is the remainder when v is divided by y?
2
Calculate the remainder when (-8106)/(-133) - 22/(-418) is divided by 12.
1
Let g(v) = 208*v - 1749. Calculate the remainder when g(13) is divided by 54.
37
Let l(t) = 5*t**2 - t - 2. Let y be l(-1). Let p(x) = y*x**2 + 181*x - 6 - 184*x + 3. Calculate the remainder when p(3) is divided by 9.
6
Let q(a) = -53*a - 1381. What is the remainder when 497 is divided by q(-28)?
85
Suppose -15*j + j = -5628. What is the remainder when j is divided by 95?
22
Suppose 4*a - 823 = 5*i, 105*a = 109*a + 5*i - 793. Calculate the remainder when 654 is divided by a.
48
Let f(u) = -16*u - 693. What is the remainder when 193 is divided by f(-51)?
70
Suppose 5139 = 13*b + 4684. What is the remainder when 621 is divided by b?
26
Let j(u) = -u**3 + 9*u**2 + 40*u + 8. Calculate the remainder when j(12) is divided by 32.
24
Suppose 0 = -4*i + 284 - 72. Calculate the remainder when i is divided by (-210)/(-20) - ((-54)/36 - (2 + -3)).
9
Let w be -1 - (-28)/24 - 11/(-6). Let x be w/6 + 24/9. Suppose 2 = -x*h + 38. What is the remainder when 57 is divided by h?
9
Suppose -3*l + 7778 = 2*k, -2*l - 36*k + 35*k + 5183 = 0. What is the remainder when l is divided by 70?
68
Let w = 1558 + -1485. What is the remainder when 886 is divided by w?
10
Let i = -2 - -4. Suppose i*s + 5*v = 31, -4*s = 5*v - 28 - 39. What is the remainder when (s/(-15))/(6/(-460)) + -1 is divided by 31?
29
What is the remainder when 2158 is divided by (22 - (-72 + -1)) + -1?
90
Let b be 1/(-7) + 576/112. Calculate the remainder when 50 + (10/25)/(2/b) is divided by 17.
0
Suppose -5*i = -h + 1 - 93, 0 = 3*i + 3*h - 48. Calculate the remainder when 3145 is divided by i.
13
Suppose 1118 = -5*c + 4*v, 0 = 17*c - 13*c + 2*v + 910. Let j = -132 - c. What is the remainder when j is divided by 30?
4
Let y(p) = 124*p**2 + 65*p + 1. Calculate the remainder when y(-1) is divided by 31.
29
Let y(z) = -z**3 + 12*z**2 + 14*z + 172. Calculate the remainder when y(-13) is divided by 68.
67
Calculate the remainder when (-9)/6*(9 - 4204/12) - 2 is di